{"id":2,"date":"2018-10-02T11:13:52","date_gmt":"2018-10-02T09:13:52","guid":{"rendered":"http:\/\/sternberk.casd.cz\/?page_id=2"},"modified":"2024-01-11T21:02:14","modified_gmt":"2024-01-11T19:02:14","slug":"o-webu","status":"publish","type":"page","link":"https:\/\/sternberk.casd.cz\/?page_id=2","title":{"rendered":"N\u00e1\u0161 sbor"},"content":{"rendered":"<p><span style=\"font-size: small;\"><a href=\"http:\/\/sternberk.casd.cz\/wp-content\/uploads\/2009\/06\/Sv\u011btlov40.jpg\"><img loading=\"lazy\" decoding=\"async\" class=\"alignnone wp-image-357 size-medium\" src=\"http:\/\/sternberk.casd.cz\/wp-content\/uploads\/2009\/06\/Sv\u011btlov40-300x134.jpg\" alt=\"\" width=\"300\" height=\"134\" srcset=\"https:\/\/sternberk.casd.cz\/wp-content\/uploads\/2009\/06\/Sv\u011btlov40-300x134.jpg 300w, https:\/\/sternberk.casd.cz\/wp-content\/uploads\/2009\/06\/Sv\u011btlov40-1024x458.jpg 1024w, https:\/\/sternberk.casd.cz\/wp-content\/uploads\/2009\/06\/Sv\u011btlov40.jpg 1058w\" sizes=\"auto, (max-width: 300px) 100vw, 300px\" \/><\/a><\/span><\/p>\n<p><span style=\"font-size: small;\">N\u00e1\u0161 sbor je tu pro v\u00e1s.<br \/>\n<\/span><\/p>\n<p><strong>Sch\u00e1z\u00edme se k pravideln\u00fdm bohoslu\u017eb\u00e1m ka\u017edou sobotu. V\u0161ichni z\u00e1jemci jsou srde\u010dn\u011b zv\u00e1ni.<\/strong><\/p>\n","protected":false},"excerpt":{"rendered":"<p>N\u00e1\u0161 sbor je tu pro v\u00e1s. Sch\u00e1z\u00edme se k pravideln\u00fdm bohoslu\u017eb\u00e1m ka\u017edou sobotu. V\u0161ichni z\u00e1jemci jsou srde\u010dn\u011b zv\u00e1ni.<\/p>\n","protected":false},"author":1,"featured_media":0,"parent":0,"menu_order":0,"comment_status":"open","ping_status":"open","template":"","meta":{"ngg_post_thumbnail":0,"footnotes":""},"class_list":["post-2","page","type-page","status-publish","hentry"],"_links":{"self":[{"href":"https:\/\/sternberk.casd.cz\/index.php?rest_route=\/wp\/v2\/pages\/2","targetHints":{"allow":["GET"]}}],"collection":[{"href":"https:\/\/sternberk.casd.cz\/index.php?rest_route=\/wp\/v2\/pages"}],"about":[{"href":"https:\/\/sternberk.casd.cz\/index.php?rest_route=\/wp\/v2\/types\/page"}],"author":[{"embeddable":true,"href":"https:\/\/sternberk.casd.cz\/index.php?rest_route=\/wp\/v2\/users\/1"}],"replies":[{"embeddable":true,"href":"https:\/\/sternberk.casd.cz\/index.php?rest_route=%2Fwp%2Fv2%2Fcomments&post=2"}],"version-history":[{"count":5,"href":"https:\/\/sternberk.casd.cz\/index.php?rest_route=\/wp\/v2\/pages\/2\/revisions"}],"predecessor-version":[{"id":1071,"href":"https:\/\/sternberk.casd.cz\/index.php?rest_route=\/wp\/v2\/pages\/2\/revisions\/1071"}],"wp:attachment":[{"href":"https:\/\/sternberk.casd.cz\/index.php?rest_route=%2Fwp%2Fv2%2Fmedia&parent=2"}],"curies":[{"name":"wp","href":"https:\/\/api.w.org\/{rel}","templated":true}]}}